t is r(261)?
-29
Let s(o) = 2*o**2 + 14223*o - 1941782. Give s(134).
12
Let u(a) = -a**3 + 91*a**2 + 1265*a - 1378. What is u(-13)?
-247
Let m(a) = a**2 + 246*a + 7022. What is m(-33)?
-7
Let f(w) = 521869*w - 8349898. What is f(16)?
6
Let b(j) = -30522*j + 1281921. Give b(42).
-3
Let g(d) = -109*d**2 - 1521*d + 1640. What is g(-15)?
-70
Let k(w) = w**2 + 193*w + 6826. Calculate k(-44).
270
Let j(d) = -557123*d - 3899868. Determine j(-7).
-7
Let d(p) = 537*p + 12893. Give d(-24).
5
Let d(x) = -826*x + 28089. Determine d(34).
5
Let g(b) = -b**2 - 90*b - 2205. Determine g(-35).
-280
Let m(z) = -2*z**3 - 116*z**2 - 681*z + 1689. Calculate m(-51).
6
Let j(y) = 132*y + 31853. Calculate j(-248).
-883
Let u(d) = 18*d**2 + 220*d - 1835. Calculate u(8).
1077
Let j(y) = -30*y**2 - 222*y - 1397. What is j(-5)?
-1037
Let o(a) = 72*a**3 - 1513*a**2 + 35*a - 260. What is o(21)?
34
Let q(j) = 13933*j + 14376. Determine q(-1).
443
Let p(o) = -o**2 + 6955*o - 27792. Give p(4).
12
Let j(a) = -35669*a + 1961850. Give j(55).
55
Let z(o) = 6*o**3 - 38*o**2 - 39*o + 321. Calculate z(7).
244
Let w(a) = -10800*a + 43227. What is w(4)?
27
Let y(r) = -52*r**2 + 2309*r - 806. Calculate y(44).
118
Let s(r) = 2686*r + 126235. What is s(-47)?
-7
Let c(s) = -168*s**3 + 369*s - 369. Determine c(1).
-168
Let g(m) = 1886*m - 66279. Determine g(35).
-269
Let z(t) = 2435*t + 116804. Calculate z(-48).
-76
Let a(y) = -60*y**2 + 4065*y + 17220. Calculate a(-4).
0
Let g(k) = k**2 - 78766*k - 630191. Calculate g(-8).
1
Let f(n) = -10*n**2 - 637*n - 1200. What is f(-62)?
-146
Let d(j) = j**3 + 53*j**2 - 49*j - 2583. Give d(-53).
14
Let r(o) = o**3 - 197*o**2 + 287*o + 20118. Determine r(195).
33
Let f(a) = 289*a + 379. What is f(-3)?
-488
Let w(y) = -y**2 + 555*y + 12393. Calculate w(-21).
297
Let y(f) = -33*f**2 + 93*f + 120. Determine y(3).
102
Let m(b) = -19933*b - 98824. What is m(-5)?
841
Let f(d) = -45*d**3 + 45*d**2 - 124*d - 20. Determine f(3).
-1202
Let u(g) = -62161*g + 124292. Calculate u(2).
-30
Let g(c) = c**3 + 16*c**2 + 35*c - 263. What is g(-12)?
-107
Let s(c) = 208*c - 2418. Give s(15).
702
Let m(g) = -112219*g + 561040. Give m(5).
-55
Let c(n) = -n**3 - 223*n**2 + 37941*n - 9071. Calculate c(-336).
1
Let r(z) = -2*z**3 - 5*z**2 + 445*z + 307. Calculate r(14).
69
Let k(y) = 3647*y - 296245. What is k(81)?
-838
Let i(f) = -1123*f**2 + 3420*f - 152. Give i(3).
1
Let u(a) = -a**2 - 162*a - 3846. Determine u(-37).
779
Let d(n) = n**3 - 251*n**2 - 505*n + 132. Calculate d(253).
385
Let n(j) = 3*j**3 + 174*j**2 + 2*j + 619. What is n(-58)?
503
Let k(o) = 802432*o + 3209730. What is k(-4)?
2
Let x(j) = -3*j**3 + 29*j**2 + 1354*j - 78. Give x(-17).
24
Let s(k) = k**2 + 1040*k + 263504. Determine s(-437).
-7
Let o(k) = -757*k**2 + 7589*k - 183. Calculate o(10).
7
Let y(q) = 16264*q + 49084. Calculate y(-3).
292
Let r(a) = a**3 - 33*a**2 - 921*a - 110. Determine r(-18).
-56
Let s(b) = -80*b + 722. Calculate s(-3).
962
Let y(s) = 4*s**3 + 131*s**2 - 19*s + 504. What is y(-33)?
42
Let t(j) = -2*j**2 + 497*j - 17139. What is t(207)?
42
Let x(v) = 2*v**3 + 27*v**2 + 64*v + 251. Give x(-13).
-412
Let b(z) = 8*z**2 - 92*z - 542. Determine b(16).
34
Let g(n) = 1205*n - 30049. Calculate g(25).
76
Let d(b) = 26*b**3 + 190*b**2 + 47*b - 14. What is d(-7)?
49
Let d(j) = -1064*j + 100910. Determine d(96).
-1234
Let c(t) = 1731*t - 53625. What is c(31)?
36
Let l(w) = -w**3 - 3745*w**2 + 197444*w + 6. Determine l(52).
6
Let w(z) = -10249*z + 204635. Give w(20).
-345
Let l(i) = 133177*i + 1731446. Calculate l(-13).
145
Let q(k) = k**2 - 7794*k + 425655. What is q(55)?
10
Let g(z) = -4548*z - 72576. Determine g(-16).
192
Let c(r) = 5*r**3 + 10*r**2 + 93*r + 188. Give c(-2).
2
Let c(m) = -60*m**2 + 2085*m + 8339. Determine c(-4).
-961
Let q(n) = -18*n**3 + 116*n**2 - 110*n + 3. What is q(1)?
-9
Let i(p) = p**3 - 53*p**2 - 46*p - 94. Give i(54).
338
Let x(c) = 25*c**3 + 1193*c**2 - 332*c + 180. Give x(-48).
-12
Let j(q) = -q**2 + 438*q - 9191. Give j(416).
-39
Let h(c) = 5011*c - 225482. Calculate h(45).
13
Let z(b) = -b**3 - 75*b**2 + 806*b - 60. What is z(9)?
390
Let t(s) = -2191073*s - 54776830. Calculate t(-25).
-5
Let t(a) = 446*a - 62271. Determine t(140).
169
Let c(x) = 56771*x - 114024. Determine c(2).
-482
Let w(u) = 15*u**2 - 252*u - 1504. Give w(21).
-181
Let w(p) = 1504*p - 57712. Determine w(38).
-560
Let n(r) = 36*r**2 - 278*r + 271. Calculate n(6).
-101
Let a(s) = 2*s**3 + 57*s**2 + 97*s - 819. Give a(-26).
39
Let f(a) = -2261*a - 2254. Calculate f(-1).
7
Let g(u) = -8*u**3 + 77*u**2 - 19*u + 522. Give g(10).
32
Let z(o) = -648*o**3 + 10*o**2 - 9*o + 1. Determine z(1).
-646
Let u(n) = 352604*n + 1410428. What is u(-4)?
12
Let a(b) = -663*b + 2635. Determine a(4).
-17
Let k(c) = 192*c**2 - 322*c - 297. Give k(-1).
217
Let u(c) = -124623*c - 1620155. Give u(-13).
-56
Let v(l) = 16654*l + 832696. What is v(-50)?
-4
Let r(g) = 4*g**3 + 10*g**2 + 24*g - 134. What is r(4)?
378
Let q(c) = -8659*c**2 - 43298*c - 4. Give q(-5).
11
Let l(o) = -4*o**2 - 100*o + 990. Determine l(-45).
-2610
Let y(w) = -1225*w - 69840. Calculate y(-57).
-15
Let b(z) = -1035*z + 45425. What is b(44)?
-115
Let x(g) = 30282*g + 60597. Calculate x(-2).
33
Let d(k) = k**3 + 82*k**2 + 767*k + 23663. Calculate d(-76).
27
Let m(x) = -4*x**3 + 1513*x**2 - 139968*x + 542. Calculate m(217).
-109
Let v(q) = 165*q**2 + 23*q + 78. Give v(-3).
1494
Let t(a) = -1316*a**2 - 5617*a - 6. Calculate t(-4).
1406
Let o(j) = -2*j**3 + 38*j**2 + 387*j - 7037. Calculate o(13).
22
Let a(w) = -w**3 + 35*w**2 + 197*w + 110. Determine a(40).
-10
Let a(n) = -669*n + 5736. What is a(7)?
1053
Let v(y) = 27*y - 4827. Calculate v(169).
-264
Let h(s) = 69*s - 6936. What is h(72)?
-1968
Let b(y) = 697*y**2 + 269741*y + 770. Determine b(-387).
-4
Let p(y) = 32*y**3 - 16*y**2 + 22*y - 5. Calculate p(1).
33
Let f(r) = -18*r**2 + 1365*r + 14020. What is f(85)?
-5
Let b(d) = d**2 - 1148*d - 221082. Determine b(-168).
6
Let f(k) = 9*k**3 + 1264*k**2 + 556*k - 570. Determine f(-140).
-10
Let d(s) = -18*s**2 - 803*s - 1934. Calculate d(-42).
40
Let b(o) = -14980*o + 59970. Give b(4).
50
Let s(y) = -2*y**2 + 335*y + 47461. What is s(259)?
64
Let p(u) = 4*u**2 + 317*u - 1857. Give p(-82).
-955
Let a(u) = -2*u**3 - 49*u**2 + 31*u + 52. What is a(-25)?
-98
Let a(f) = 1390*f - 21455. What is a(15)?
-605
Let p(l) = -1376*l**2 + 2636*l + 193. Determine p(2).
-39
Let j(w) = w**3 + 57*w**2 - 1084*w + 19. Calculate j(-72).
307
Let j(o) = -156*o**2 - 2639*o + 213. Calculate j(-17).
-8
Let l(t) = t**3 + 2*t**2 + 10709*t + 75242. Calculate l(-7).
34
Let s(i) = i**3 + 48*i**2 + 322*i + 369. Calculate s(-40).
289
Let c(t) = 552*t + 149313. Determine c(-273).
-1383
Let o(p) = -3*p**2 - 3826*p - 473. Calculate o(0).
-473
Let d(k) = -178*k + 2898. What is d(17)?
-128
Let k(r) = -3*r**2 + 15771*r + 173699. Determine k(-11).
-145
Let k(b) = -7423*b - 81683. Determine k(-11).
-30
Let q(p) = p**2 - 2440*p - 170539. Give q(-68).
5
Let b(z) = -1078*z - 42027. What is b(-39)?
15
Let q(l) = -l**3 + 2633*l**2 + 53069*l + 182. Determine q(-20).
2
Let q(g) = -2*g**3 - 286*g**2 + 14195*g + 22. What is q(39)?
-17
Let w(q) = -q**3 + 29*q**2 + 427*q - 37. Calculate w(-11).
106
Let h(s) = -138729*s + 4300594. Determine h(31).
-5
Let d(w) = 6*w**2 - 1758*w - 39573. Calculate d(314).
-9
Let o(u) = 81167*u + 162339. What is o(-2)?
5
Let w(v) = 3482*v + 376131. Determine w(-108).
75
Let f(o) = 3*o**2 + 617*o + 625. What is f(-1)?
11
Let w(v) = -v**3 - 122*v**2 + 144*v + 2146. Determine w(-123).
-437
Let q(o) = -1240092*o - 17361284. What is q(-14)?
4
Let p(d) = -4*d**2 - 532*d - 1636. What is p(-130)?
-76
Let l(r) = 11*r**2 + 171*r - 213. Determine l(-19).
509
Let v(y) = -3*y**2 - 89*y + 1753. Determine v(32).
-4167
Let d(a) = 2*a**2 - 13828*a - 96812. What is d(-7)?
82
Let v(x) = -981*x - 10268. Give v(-10).
-458
Let d(v) = 3*v**3 + 190*v**2 + 765*v - 24. Determine d(-59).
94
Let y(c) = -165*c**2 + 546*c - 42. Determine y(4).
-498
Let k(m) = 3516*m - 34710. Calculate k(10).
450
Let u(q) = q**3 + 29*q**2 + 7*q - 83. What is u(-21)?
3298
Let q(g) = -29896*g + 9596602. Determine q(321).
-14
Let c(k) = -2*k**3 + 46*k**2 - 276*k - 23. Calculate c(8).
-311
Let c(s) = -s**3 - 221*s**2 - 657*s